st the prime factors of 5487143.
19, 53, 5449
List the prime factors of 15128998.
2, 7564499
What are the prime factors of 200506?
2, 29, 3457
What are the prime factors of 572266?
2, 101, 2833
What are the prime factors of 9232849?
9232849
List the prime factors of 4864507.
1153, 4219
What are the prime factors of 9613867?
19, 487, 1039
List the prime factors of 75349.
151, 499
List the prime factors of 14369307.
3, 53, 90373
List the prime factors of 258721.
258721
What are the prime factors of 2977646?
2, 7, 53, 4013
List the prime factors of 32205.
3, 5, 19, 113
List the prime factors of 5097164.
2, 1274291
List the prime factors of 976253.
976253
What are the prime factors of 563045?
5, 7, 16087
What are the prime factors of 133409?
71, 1879
List the prime factors of 116432.
2, 19, 383
What are the prime factors of 144685?
5, 19, 1523
List the prime factors of 10835162.
2, 13, 23, 18119
What are the prime factors of 103777?
157, 661
List the prime factors of 18421484.
2, 389, 11839
List the prime factors of 89793.
3, 11, 907
List the prime factors of 6895051.
31, 97, 2293
List the prime factors of 761581.
139, 5479
List the prime factors of 13934931.
3, 107, 43411
What are the prime factors of 5242417?
29, 180773
What are the prime factors of 11446745?
5, 2289349
What are the prime factors of 18800779?
18800779
What are the prime factors of 10519493?
41, 47, 53, 103
What are the prime factors of 18029271?
3, 13, 19, 29, 839
What are the prime factors of 1896178?
2, 948089
What are the prime factors of 863765?
5, 7, 23, 29, 37
List the prime factors of 775091.
775091
What are the prime factors of 281112?
2, 3, 13, 17, 53
What are the prime factors of 496147?
19, 26113
List the prime factors of 4290074.
2, 223, 9619
What are the prime factors of 338672?
2, 61, 347
List the prime factors of 95883.
3, 31, 1031
List the prime factors of 468403.
13, 137, 263
List the prime factors of 5405517.
3, 13, 47, 983
List the prime factors of 193934.
2, 13, 7459
What are the prime factors of 23466851?
17, 677, 2039
List the prime factors of 451744.
2, 19, 743
List the prime factors of 228271.
53, 59, 73
What are the prime factors of 9315446?
2, 7, 41, 16229
List the prime factors of 786577.
11, 23, 3109
List the prime factors of 500575.
5, 20023
List the prime factors of 13013898.
2, 3, 19, 114157
What are the prime factors of 6390241?
11, 13, 44687
What are the prime factors of 530033?
7, 29, 373
List the prime factors of 13004011.
41, 317171
What are the prime factors of 2776113?
3, 34273
List the prime factors of 143820.
2, 3, 5, 17, 47
What are the prime factors of 31917447?
3, 89, 39847
List the prime factors of 2933384.
2, 17, 21569
List the prime factors of 20411.
20411
What are the prime factors of 55807?
55807
List the prime factors of 25291569.
3, 163, 51721
List the prime factors of 992658.
2, 3, 165443
List the prime factors of 4545956.
2, 199, 5711
List the prime factors of 1115379.
3, 123931
What are the prime factors of 1372885?
5, 37, 41, 181
List the prime factors of 1873254.
2, 3, 312209
What are the prime factors of 14878548?
2, 3, 413293
What are the prime factors of 2323491?
3, 19, 40763
What are the prime factors of 3221391?
3, 577, 1861
List the prime factors of 1969430.
2, 5, 31, 6353
List the prime factors of 17168490.
2, 3, 5, 63587
What are the prime factors of 168368?
2, 17, 619
What are the prime factors of 24776391?
3, 8258797
List the prime factors of 3276912.
2, 3, 233, 293
What are the prime factors of 37641?
3, 12547
List the prime factors of 389190.
2, 3, 5, 12973
What are the prime factors of 1155558?
2, 3, 17, 11329
What are the prime factors of 15324147?
3, 189187
List the prime factors of 7188103.
13, 179, 3089
What are the prime factors of 12183482?
2, 6091741
What are the prime factors of 210627?
3, 29, 269
What are the prime factors of 3081104?
2, 13, 14813
List the prime factors of 206474.
2, 103237
What are the prime factors of 441117?
3, 23, 2131
What are the prime factors of 10170108?
2, 3, 13, 31, 701
What are the prime factors of 1155102?
2, 3, 13, 59, 251
List the prime factors of 3923467.
173, 22679
What are the prime factors of 122292?
2, 3, 43, 79
List the prime factors of 5604423.
3, 11, 169831
What are the prime factors of 186377?
186377
List the prime factors of 172519.
172519
What are the prime factors of 1581886?
2, 89, 8887
What are the prime factors of 19959597?
3, 7, 316819
What are the prime factors of 235049?
19, 89, 139
What are the prime factors of 296321?
257, 1153
What are the prime factors of 222622?
2, 79, 1409
What are the prime factors of 603062?
2, 301531
List the prime factors of 8795657.
13, 676589
List the prime factors of 303967.
43, 7069
What are the prime factors of 2173916?
2, 137, 3967
List the prime factors of 23541354.
2, 3, 59, 821
List the prime factors of 507748.
2, 23, 5519
What are the prime factors of 347886?
2, 3, 7, 11, 251
List the prime factors of 141018.
2, 3, 19, 1237
What are the prime factors of 124103?
7, 17729
List the prime factors of 479086.
2, 239543
List the prime factors of 843446.
2, 83, 5081
List the prime factors of 158910.
2, 3, 5, 5297
List the prime factors of 11052659.
199, 55541
List the prime factors of 3494964.
2, 3, 11, 29, 83
What are the prime factors of 219794?
2, 109897
List the prime factors of 10527611.
41, 256771
List the prime factors of 352802.
2, 176401
List the prime factors of 32002300.
2, 5, 11, 47, 619
List the prime factors of 453039.
3, 151013
What are the prime factors of 5466772?
2, 1366693
List the prime factors of 1968858.
2, 3, 89, 1229
What are the prime factors of 298242?
2, 3, 7, 263
What are the prime factors of 3522959?
11, 320269
What are the prime factors of 1328125?
5, 17
List the prime factors of 914937.
3, 304979
List the prime factors of 5475233.
43, 127331
List the prime factors of 2851556.
2, 712889
What are the prime factors of 829414?
2, 414707
What are the prime factors of 4550876?
2, 11, 293, 353
List the prime factors of 153070.
2, 5, 15307
List the prime factors of 659739.
3, 47, 4679
What are the prime factors of 819402?
2, 3, 37, 3691
What are the prime factors of 222528?
2, 3, 19, 61
List the prime factors of 17861.
53, 337
List the prime factors of 460828.
2, 23, 5009
List the prime factors of 2373410.
2, 5, 13, 18257
What are the prime factors of 199273?
101, 1973
List the prime factors of 2136355.
5, 13, 23, 1429
List the prime factors of 405711.
3, 61, 739
List the prime factors of 626202.
2, 3, 19, 1831
What are the prime factors of 9268845?
3, 5, 31, 643
List the prime factors of 4102970.
2, 5, 23, 17839
List the prime factors of 1499545.
5, 299909
List the prime factors of 1601997.
3, 533999
What are the prime factors of 305829?
3, 47, 241
List the prime factors of 181481.
347, 523
List the prime factors of 160120.
2, 5, 4003
What are the prime factors of 2342659?
11, 212969
What are the prime factors of 6273892?
2, 743, 2111
List the prime factors of 745045.
5, 7, 3041
List the prime factors of 7466290.
2, 5, 13, 79, 727
What are the prime factors of 7351558?
2, 29, 126751
List the prime factors of 1553096.
2, 83, 2339
List the prime factors of 238468.
2, 59617
What are the prime factors of 51274?
2, 31, 827
List the prime factors of 130803.
3, 59, 739
List the prime factors of 10740565.
5, 11, 41, 433
List the prime factors of 1068691.
13, 82207
What are the prime factors of 43156687?
7, 1091, 5651
What are the prime factors of 370681?
41, 9041
What are the prime factors of 528279?
3, 293, 601
What are the prime factors of 4519126?
2, 953, 2371
What are the prime factors of 193348?
2, 48337
List the prime factors of 127004.
2, 31751
List the prime factors of 920098.
2, 223, 2063
What are the prime factors of 159769?
159769
What are the prime factors of 2917832?
2, 569, 641
What are the prime factors of 1036485?
3, 5, 31, 743
What are the prime factors of 1063877?
17, 62581
List the prime factors of 3492554.
2, 13, 10333
What are the prime factors of 2323905?
3, 5, 154927
List the prime factors of 4877526.
2, 3, 812921
List the prime factors of 9213753.
3, 3071251
What are the prime factors of 2546997?
3, 23, 36913
List the prime factors of 262288.
2, 13, 97
List the prime factors of 2409